{"id":960,"date":"2022-02-06T08:54:48","date_gmt":"2022-02-06T08:54:48","guid":{"rendered":"http:\/\/ines-falak.from.hr\/?page_id=960"},"modified":"2022-02-06T11:12:09","modified_gmt":"2022-02-06T11:12:09","slug":"vjezbenica-2","status":"publish","type":"page","link":"http:\/\/ines-falak.from.hr\/?page_id=960","title":{"rendered":"Vje\u017ebenica 2"},"content":{"rendered":"<p><a href=\"http:\/\/ines-falak.from.hr\/files\/2022\/02\/Sadrzaj-vj2.pdf\">Sadr\u017eaj Vje\u017ebenice 2 \u2013 hrvatski jezik<\/a><br \/>\n<a href=\"https:\/\/drive.google.com\/file\/d\/11epQW2jo1nHdU_TVU_CZGr4XQkSB81Aq\/view?usp=sharing\" target=\"_blank\" rel=\"noopener\"><strong>Preuzmi Vje\u017ebenicu 2 \u2013 hrvatski jezik<\/strong><\/a><\/p>\n<hr>\n<p><a href=\"http:\/\/ines-falak.from.hr\/files\/2022\/02\/Sadrzaj-vj2-m.jpg\"><img loading=\"lazy\" class=\"alignnone size-full wp-image-978\" src=\"http:\/\/ines-falak.from.hr\/files\/2022\/02\/Sadrzaj-vj2-m.jpg\" alt=\"\" width=\"700\" height=\"949\" srcset=\"http:\/\/ines-falak.from.hr\/files\/2022\/02\/Sadrzaj-vj2-m.jpg 700w, http:\/\/ines-falak.from.hr\/files\/2022\/02\/Sadrzaj-vj2-m-369x500.jpg 369w\" sizes=\"(max-width: 700px) 100vw, 700px\" \/><\/a><\/p>\n<hr>\n<div align=\"justify\">\n<p><strong>Vje\u017ebenica 2<\/strong>: Slijedi kao nastavak Vje\u017ebenice 1, a obuhva\u0107a pravopisne vje\u017ebe (zarez, to\u010dka, upitnik, uskli\u010dnik, \u010destica &#8220;li&#8221;; veliko, po\u010detno slovo) i vje\u017ebe za ovladavanje osnovnim jezi\u010dnim znanjem (glas &#8211; slovo, slog, rije\u010d, re\u010denica: red rije\u010di i smisao re\u010denice, izjavna, upitna, uskli\u010dna re\u010denica, imenice, glagoli, brojevi).<\/p>\n<p>&#8220;Vje\u017ebenicu 2 odlikuju zna\u010dajke zapa\u017eene i u Vje\u017ebenici 1: raznovrsnost, postupnost, primjerenost, zanimljivost. Crtanjem, podcrtavanjem, bojenjem, povezivanjem crte\u017ea i rije\u010di, umetanjem ili izostavljanjem rije\u010di u re\u010denici, razli\u010ditim dopunama, izmjenama i preoblikama u\u010denici se na lak i privla\u010div na\u010din uvode u jezi\u010dno stvaranje, u proizvodnju novih re\u010denica i jednostavnijih tekstova.<\/p>\n<p>Rje\u0161avaju\u0107i razli\u010dite zada\u0107e u\u010denici se postupice osposobljavanju za pisanje, \u010ditanje i govorenje, razvijaju sposobnost zapa\u017eanja, uspore\u0111ivanja, poistovje\u0107ivanja, zaklju\u010divanja, uop\u0107e mi\u0161ljenja, te stje\u010du osnovne gramati\u010dke i pravopisne spoznaje nu\u017ene za br\u017ee i sigurnije ovladavanje hrvatskim knji\u017eevnim jezikom.<\/p>\n<p>Likovi \u017eivotinja u humoristi\u010dnim situacijama, a i sami \u0161aljivo dani, izvrstan su vodi\u010d kroz vje\u017ebenicu, posebna dra\u017e, kojom se povezuje korisno s ugodnim kako bi se prva\u0161i\u0107i \u0161to ugodnije osje\u0107ali na svom po\u010detnom koraku u svijet knjiga.<\/p>\n<p>Izbjegav\u0161i teoretiziranje, autorica je svela u\u010denje na prakti\u010dnu primjenu i svjesnu uporabu jezi\u010dnih sredstava \u010diju bit u ovoj dobi jedva mogu naslutiti.<\/p>\n<p>Iz recenzije prof. dr. Stjepka Te\u017eaka<\/p>\n<p><a href=\"http:\/\/ines-falak.from.hr\/?page_id=957\"><strong>Vje\u017ebenica 1<\/strong><\/a>: Namijenjena je u\u010denicima prvih razreda, a sadr\u017ei mno\u0161tvo osmi\u0161ljenih i funkcionalnih zadataka \u010dija je svrha utvr\u0111ivanje po\u010detnog \u010ditanja i pisanja.<\/p>\n<\/div>\n","protected":false},"excerpt":{"rendered":"<p>Sadr\u017eaj Vje\u017ebenice 2 \u2013 hrvatski jezik Preuzmi Vje\u017ebenicu 2 \u2013 hrvatski jezik Vje\u017ebenica 2: Slijedi kao nastavak Vje\u017ebenice 1, a obuhva\u0107a pravopisne vje\u017ebe (zarez, to\u010dka, upitnik, uskli\u010dnik, \u010destica &#8220;li&#8221;; veliko, po\u010detno slovo) i vje\u017ebe za ovladavanje osnovnim jezi\u010dnim znanjem (glas &#8211; slovo, slog, rije\u010d, re\u010denica: red rije\u010di i smisao re\u010denice, izjavna, upitna, uskli\u010dna re\u010denica, imenice, &hellip; <a href=\"http:\/\/ines-falak.from.hr\/?page_id=960\" class=\"more-link\">Nastavi \u010ditati <span class=\"screen-reader-text\">Vje\u017ebenica 2<\/span> <span class=\"meta-nav\">&rarr;<\/span><\/a><\/p>\n","protected":false},"author":1352,"featured_media":0,"parent":935,"menu_order":0,"comment_status":"closed","ping_status":"closed","template":"","meta":{"ngg_post_thumbnail":0},"yoast_head":"<!-- This site is optimized with the Yoast SEO plugin v17.5 - https:\/\/yoast.com\/wordpress\/plugins\/seo\/ -->\n<meta name=\"robots\" content=\"index, follow, max-snippet:-1, max-image-preview:large, max-video-preview:-1\" \/>\n<link rel=\"canonical\" href=\"http:\/\/ines-falak.from.hr\/?page_id=960\" \/>\n<meta property=\"og:locale\" content=\"hr_HR\" \/>\n<meta property=\"og:type\" content=\"article\" \/>\n<meta property=\"og:title\" content=\"Vje\u017ebenica 2 - Potra\u017ei, \u010ditaj, ma\u0161taj, istra\u017ei, izra\u010dunaj\" \/>\n<meta property=\"og:description\" content=\"Sadr\u017eaj Vje\u017ebenice 2 \u2013 hrvatski jezik Preuzmi Vje\u017ebenicu 2 \u2013 hrvatski jezik Vje\u017ebenica 2: Slijedi kao nastavak Vje\u017ebenice 1, a obuhva\u0107a pravopisne vje\u017ebe (zarez, to\u010dka, upitnik, uskli\u010dnik, \u010destica &#8220;li&#8221;; veliko, po\u010detno slovo) i vje\u017ebe za ovladavanje osnovnim jezi\u010dnim znanjem (glas &#8211; slovo, slog, rije\u010d, re\u010denica: red rije\u010di i smisao re\u010denice, izjavna, upitna, uskli\u010dna re\u010denica, imenice, &hellip; Nastavi \u010ditati Vje\u017ebenica 2 &rarr;\" \/>\n<meta property=\"og:url\" content=\"http:\/\/ines-falak.from.hr\/?page_id=960\" \/>\n<meta property=\"og:site_name\" content=\"Potra\u017ei, \u010ditaj, ma\u0161taj, istra\u017ei, izra\u010dunaj\" \/>\n<meta property=\"article:modified_time\" content=\"2022-02-06T11:12:09+00:00\" \/>\n<meta property=\"og:image\" content=\"http:\/\/from.hr\/ines-falak\/files\/2022\/02\/Sadrzaj-vj2-m.jpg\" \/>\n<meta name=\"twitter:card\" content=\"summary\" \/>\n<meta name=\"twitter:label1\" content=\"Procijenjeno vrijeme \u010ditanja\" \/>\n\t<meta name=\"twitter:data1\" content=\"2 minute\" \/>\n<script type=\"application\/ld+json\" class=\"yoast-schema-graph\">{\"@context\":\"https:\/\/schema.org\",\"@graph\":[{\"@type\":\"WebSite\",\"@id\":\"http:\/\/ines-falak.from.hr\/#website\",\"url\":\"http:\/\/ines-falak.from.hr\/\",\"name\":\"Potra\\u017ei, \\u010ditaj, ma\\u0161taj, istra\\u017ei, izra\\u010dunaj\",\"description\":\"- preporuke Ines Falak\",\"potentialAction\":[{\"@type\":\"SearchAction\",\"target\":{\"@type\":\"EntryPoint\",\"urlTemplate\":\"http:\/\/ines-falak.from.hr\/?s={search_term_string}\"},\"query-input\":\"required name=search_term_string\"}],\"inLanguage\":\"hr\"},{\"@type\":\"ImageObject\",\"@id\":\"http:\/\/ines-falak.from.hr\/?page_id=960#primaryimage\",\"inLanguage\":\"hr\",\"url\":\"http:\/\/from.hr\/ines-falak\/files\/2022\/02\/Sadrzaj-vj2-m.jpg\",\"contentUrl\":\"http:\/\/from.hr\/ines-falak\/files\/2022\/02\/Sadrzaj-vj2-m.jpg\"},{\"@type\":\"WebPage\",\"@id\":\"http:\/\/ines-falak.from.hr\/?page_id=960#webpage\",\"url\":\"http:\/\/ines-falak.from.hr\/?page_id=960\",\"name\":\"Vje\\u017ebenica 2 - Potra\\u017ei, \\u010ditaj, ma\\u0161taj, istra\\u017ei, izra\\u010dunaj\",\"isPartOf\":{\"@id\":\"http:\/\/ines-falak.from.hr\/#website\"},\"primaryImageOfPage\":{\"@id\":\"http:\/\/ines-falak.from.hr\/?page_id=960#primaryimage\"},\"datePublished\":\"2022-02-06T08:54:48+00:00\",\"dateModified\":\"2022-02-06T11:12:09+00:00\",\"breadcrumb\":{\"@id\":\"http:\/\/ines-falak.from.hr\/?page_id=960#breadcrumb\"},\"inLanguage\":\"hr\",\"potentialAction\":[{\"@type\":\"ReadAction\",\"target\":[\"http:\/\/ines-falak.from.hr\/?page_id=960\"]}]},{\"@type\":\"BreadcrumbList\",\"@id\":\"http:\/\/ines-falak.from.hr\/?page_id=960#breadcrumb\",\"itemListElement\":[{\"@type\":\"ListItem\",\"position\":1,\"name\":\"Home\",\"item\":\"http:\/\/ines-falak.from.hr\/\"},{\"@type\":\"ListItem\",\"position\":2,\"name\":\"Vje\\u017ebenice &#8211; HJ\",\"item\":\"http:\/\/ines-falak.from.hr\/?page_id=935\"},{\"@type\":\"ListItem\",\"position\":3,\"name\":\"Vje\\u017ebenica 2\"}]}]}<\/script>\n<!-- \/ Yoast SEO plugin. -->","yoast_head_json":{"robots":{"index":"index","follow":"follow","max-snippet":"max-snippet:-1","max-image-preview":"max-image-preview:large","max-video-preview":"max-video-preview:-1"},"canonical":"http:\/\/ines-falak.from.hr\/?page_id=960","og_locale":"hr_HR","og_type":"article","og_title":"Vje\u017ebenica 2 - Potra\u017ei, \u010ditaj, ma\u0161taj, istra\u017ei, izra\u010dunaj","og_description":"Sadr\u017eaj Vje\u017ebenice 2 \u2013 hrvatski jezik Preuzmi Vje\u017ebenicu 2 \u2013 hrvatski jezik Vje\u017ebenica 2: Slijedi kao nastavak Vje\u017ebenice 1, a obuhva\u0107a pravopisne vje\u017ebe (zarez, to\u010dka, upitnik, uskli\u010dnik, \u010destica &#8220;li&#8221;; veliko, po\u010detno slovo) i vje\u017ebe za ovladavanje osnovnim jezi\u010dnim znanjem (glas &#8211; slovo, slog, rije\u010d, re\u010denica: red rije\u010di i smisao re\u010denice, izjavna, upitna, uskli\u010dna re\u010denica, imenice, &hellip; Nastavi \u010ditati Vje\u017ebenica 2 &rarr;","og_url":"http:\/\/ines-falak.from.hr\/?page_id=960","og_site_name":"Potra\u017ei, \u010ditaj, ma\u0161taj, istra\u017ei, izra\u010dunaj","article_modified_time":"2022-02-06T11:12:09+00:00","og_image":[{"url":"http:\/\/from.hr\/ines-falak\/files\/2022\/02\/Sadrzaj-vj2-m.jpg"}],"twitter_card":"summary","twitter_misc":{"Procijenjeno vrijeme \u010ditanja":"2 minute"},"schema":{"@context":"https:\/\/schema.org","@graph":[{"@type":"WebSite","@id":"http:\/\/ines-falak.from.hr\/#website","url":"http:\/\/ines-falak.from.hr\/","name":"Potra\u017ei, \u010ditaj, ma\u0161taj, istra\u017ei, izra\u010dunaj","description":"- preporuke Ines Falak","potentialAction":[{"@type":"SearchAction","target":{"@type":"EntryPoint","urlTemplate":"http:\/\/ines-falak.from.hr\/?s={search_term_string}"},"query-input":"required name=search_term_string"}],"inLanguage":"hr"},{"@type":"ImageObject","@id":"http:\/\/ines-falak.from.hr\/?page_id=960#primaryimage","inLanguage":"hr","url":"http:\/\/from.hr\/ines-falak\/files\/2022\/02\/Sadrzaj-vj2-m.jpg","contentUrl":"http:\/\/from.hr\/ines-falak\/files\/2022\/02\/Sadrzaj-vj2-m.jpg"},{"@type":"WebPage","@id":"http:\/\/ines-falak.from.hr\/?page_id=960#webpage","url":"http:\/\/ines-falak.from.hr\/?page_id=960","name":"Vje\u017ebenica 2 - Potra\u017ei, \u010ditaj, ma\u0161taj, istra\u017ei, izra\u010dunaj","isPartOf":{"@id":"http:\/\/ines-falak.from.hr\/#website"},"primaryImageOfPage":{"@id":"http:\/\/ines-falak.from.hr\/?page_id=960#primaryimage"},"datePublished":"2022-02-06T08:54:48+00:00","dateModified":"2022-02-06T11:12:09+00:00","breadcrumb":{"@id":"http:\/\/ines-falak.from.hr\/?page_id=960#breadcrumb"},"inLanguage":"hr","potentialAction":[{"@type":"ReadAction","target":["http:\/\/ines-falak.from.hr\/?page_id=960"]}]},{"@type":"BreadcrumbList","@id":"http:\/\/ines-falak.from.hr\/?page_id=960#breadcrumb","itemListElement":[{"@type":"ListItem","position":1,"name":"Home","item":"http:\/\/ines-falak.from.hr\/"},{"@type":"ListItem","position":2,"name":"Vje\u017ebenice &#8211; HJ","item":"http:\/\/ines-falak.from.hr\/?page_id=935"},{"@type":"ListItem","position":3,"name":"Vje\u017ebenica 2"}]}]}},"_links":{"self":[{"href":"http:\/\/ines-falak.from.hr\/index.php?rest_route=\/wp\/v2\/pages\/960"}],"collection":[{"href":"http:\/\/ines-falak.from.hr\/index.php?rest_route=\/wp\/v2\/pages"}],"about":[{"href":"http:\/\/ines-falak.from.hr\/index.php?rest_route=\/wp\/v2\/types\/page"}],"author":[{"embeddable":true,"href":"http:\/\/ines-falak.from.hr\/index.php?rest_route=\/wp\/v2\/users\/1352"}],"replies":[{"embeddable":true,"href":"http:\/\/ines-falak.from.hr\/index.php?rest_route=%2Fwp%2Fv2%2Fcomments&post=960"}],"version-history":[{"count":6,"href":"http:\/\/ines-falak.from.hr\/index.php?rest_route=\/wp\/v2\/pages\/960\/revisions"}],"predecessor-version":[{"id":992,"href":"http:\/\/ines-falak.from.hr\/index.php?rest_route=\/wp\/v2\/pages\/960\/revisions\/992"}],"up":[{"embeddable":true,"href":"http:\/\/ines-falak.from.hr\/index.php?rest_route=\/wp\/v2\/pages\/935"}],"wp:attachment":[{"href":"http:\/\/ines-falak.from.hr\/index.php?rest_route=%2Fwp%2Fv2%2Fmedia&parent=960"}],"curies":[{"name":"wp","href":"https:\/\/api.w.org\/{rel}","templated":true}]}}

Vježbenica 2

<p><a href="http://ines-falak.from.hr/files/2022/02/Sadrzaj-vj2.pdf">Sadržaj Vježbenice 2 – hrvatski jezik</a><br />
<a href="https://drive.google.com/file/d/11epQW2jo1nHdU_TVU_CZGr4XQkSB81Aq/view?usp=sharing" target="_blank" rel="noopener"><strong>Preuzmi Vježbenicu 2 – hrvatski jezik</strong></a></p>
<hr>
<p><a href="http://ines-falak.from.hr/files/2022/02/Sadrzaj-vj2-m.jpg"><img loading="lazy" class="alignnone size-full wp-image-978" src="http://ines-falak.from.hr/files/2022/02/Sadrzaj-vj2-m.jpg" alt="" width="700" height="949" srcset="http://ines-falak.from.hr/files/2022/02/Sadrzaj-vj2-m.jpg 700w, http://ines-falak.from.hr/files/2022/02/Sadrzaj-vj2-m-369x500.jpg 369w" sizes="(max-width: 700px) 100vw, 700px" /></a></p>
<hr>
<div align="justify">
<p><strong>Vježbenica 2</strong>: Slijedi kao nastavak Vježbenice 1, a obuhvaća pravopisne vježbe (zarez, točka, upitnik, uskličnik, čestica &#8220;li&#8221;; veliko, početno slovo) i vježbe za ovladavanje osnovnim jezičnim znanjem (glas &#8211; slovo, slog, riječ, rečenica: red riječi i smisao rečenice, izjavna, upitna, usklična rečenica, imenice, glagoli, brojevi).</p>
<p>&#8220;Vježbenicu 2 odlikuju značajke zapažene i u Vježbenici 1: raznovrsnost, postupnost, primjerenost, zanimljivost. Crtanjem, podcrtavanjem, bojenjem, povezivanjem crteža i riječi, umetanjem ili izostavljanjem riječi u rečenici, različitim dopunama, izmjenama i preoblikama učenici se na lak i privlačiv način uvode u jezično stvaranje, u proizvodnju novih rečenica i jednostavnijih tekstova.</p>
<p>Rješavajući različite zadaće učenici se postupice osposobljavanju za pisanje, čitanje i govorenje, razvijaju sposobnost zapažanja, uspoređivanja, poistovjećivanja, zaključivanja, uopće mišljenja, te stječu osnovne gramatičke i pravopisne spoznaje nužne za brže i sigurnije ovladavanje hrvatskim književnim jezikom.</p>
<p>Likovi životinja u humorističnim situacijama, a i sami šaljivo dani, izvrstan su vodič kroz vježbenicu, posebna draž, kojom se povezuje korisno s ugodnim kako bi se prvašići što ugodnije osjećali na svom početnom koraku u svijet knjiga.</p>
<p>Izbjegavši teoretiziranje, autorica je svela učenje na praktičnu primjenu i svjesnu uporabu jezičnih sredstava čiju bit u ovoj dobi jedva mogu naslutiti.</p>
<p>Iz recenzije prof. dr. Stjepka Težaka</p>
<p><a href="http://ines-falak.from.hr/?page_id=957"><strong>Vježbenica 1</strong></a>: Namijenjena je učenicima prvih razreda, a sadrži mnoštvo osmišljenih i funkcionalnih zadataka čija je svrha utvrđivanje početnog čitanja i pisanja.</p>
</div>

<p>Sadržaj Vježbenice 2 – hrvatski jezik Preuzmi Vježbenicu 2 – hrvatski jezik Vježbenica 2: Slijedi kao nastavak Vježbenice 1, a obuhvaća pravopisne vježbe (zarez, točka, upitnik, uskličnik, čestica &#8220;li&#8221;; veliko, početno slovo) i vježbe za ovladavanje osnovnim jezičnim znanjem (glas &#8211; slovo, slog, riječ, rečenica: red riječi i smisao rečenice, izjavna, upitna, usklična rečenica, imenice, &hellip; <a href="http://ines-falak.from.hr/?page_id=960" class="more-link">Nastavi čitati <span class="screen-reader-text">Vježbenica 2</span> <span class="meta-nav">&rarr;</span></a></p>

<!-- This site is optimized with the Yoast SEO plugin v17.5 - https://yoast.com/wordpress/plugins/seo/ -->
<meta name="robots" content="index, follow, max-snippet:-1, max-image-preview:large, max-video-preview:-1" />
<link rel="canonical" href="http://ines-falak.from.hr/?page_id=960" />
<meta property="og:locale" content="hr_HR" />
<meta property="og:type" content="article" />
<meta property="og:title" content="Vježbenica 2 - Potraži, čitaj, maštaj, istraži, izračunaj" />
<meta property="og:description" content="Sadržaj Vježbenice 2 – hrvatski jezik Preuzmi Vježbenicu 2 – hrvatski jezik Vježbenica 2: Slijedi kao nastavak Vježbenice 1, a obuhvaća pravopisne vježbe (zarez, točka, upitnik, uskličnik, čestica &#8220;li&#8221;; veliko, početno slovo) i vježbe za ovladavanje osnovnim jezičnim znanjem (glas &#8211; slovo, slog, riječ, rečenica: red riječi i smisao rečenice, izjavna, upitna, usklična rečenica, imenice, &hellip; Nastavi čitati Vježbenica 2 &rarr;" />
<meta property="og:url" content="http://ines-falak.from.hr/?page_id=960" />
<meta property="og:site_name" content="Potraži, čitaj, maštaj, istraži, izračunaj" />
<meta property="article:modified_time" content="2022-02-06T11:12:09+00:00" />
<meta property="og:image" content="http://from.hr/ines-falak/files/2022/02/Sadrzaj-vj2-m.jpg" />
<meta name="twitter:card" content="summary" />
<meta name="twitter:label1" content="Procijenjeno vrijeme čitanja" />
	<meta name="twitter:data1" content="2 minute" />
<script type="application/ld+json" class="yoast-schema-graph">{"@context":"https://schema.org","@graph":[{"@type":"WebSite","@id":"http://ines-falak.from.hr/#website","url":"http://ines-falak.from.hr/","name":"Potra\u017ei, \u010ditaj, ma\u0161taj, istra\u017ei, izra\u010dunaj","description":"- preporuke Ines Falak","potentialAction":[{"@type":"SearchAction","target":{"@type":"EntryPoint","urlTemplate":"http://ines-falak.from.hr/?s={search_term_string}"},"query-input":"required name=search_term_string"}],"inLanguage":"hr"},{"@type":"ImageObject","@id":"http://ines-falak.from.hr/?page_id=960#primaryimage","inLanguage":"hr","url":"http://from.hr/ines-falak/files/2022/02/Sadrzaj-vj2-m.jpg","contentUrl":"http://from.hr/ines-falak/files/2022/02/Sadrzaj-vj2-m.jpg"},{"@type":"WebPage","@id":"http://ines-falak.from.hr/?page_id=960#webpage","url":"http://ines-falak.from.hr/?page_id=960","name":"Vje\u017ebenica 2 - Potra\u017ei, \u010ditaj, ma\u0161taj, istra\u017ei, izra\u010dunaj","isPartOf":{"@id":"http://ines-falak.from.hr/#website"},"primaryImageOfPage":{"@id":"http://ines-falak.from.hr/?page_id=960#primaryimage"},"datePublished":"2022-02-06T08:54:48+00:00","dateModified":"2022-02-06T11:12:09+00:00","breadcrumb":{"@id":"http://ines-falak.from.hr/?page_id=960#breadcrumb"},"inLanguage":"hr","potentialAction":[{"@type":"ReadAction","target":["http://ines-falak.from.hr/?page_id=960"]}]},{"@type":"BreadcrumbList","@id":"http://ines-falak.from.hr/?page_id=960#breadcrumb","itemListElement":[{"@type":"ListItem","position":1,"name":"Home","item":"http://ines-falak.from.hr/"},{"@type":"ListItem","position":2,"name":"Vje\u017ebenice &#8211; HJ","item":"http://ines-falak.from.hr/?page_id=935"},{"@type":"ListItem","position":3,"name":"Vje\u017ebenica 2"}]}]}</script>
<!-- / Yoast SEO plugin. -->

Vježbenica 2 - Potraži, čitaj, maštaj, istraži, izračunaj

Sadržaj Vježbenice 2 – hrvatski jezik Preuzmi Vježbenicu 2 – hrvatski jezik Vježbenica 2: Slijedi kao nastavak Vježbenice 1, a obuhvaća pravopisne vježbe (zarez, točka, upitnik, uskličnik, čestica &#8220;li&#8221;; veliko, početno slovo) i vježbe za ovladavanje osnovnim jezičnim znanjem (glas &#8211; slovo, slog, riječ, rečenica: red riječi i smisao rečenice, izjavna, upitna, usklična rečenica, imenice, &hellip; Nastavi čitati Vježbenica 2 &rarr;

Potraži, čitaj, maštaj, istraži, izračunaj

Vježbenice &#8211; HJ
