{"id":994,"date":"2022-02-06T11:19:37","date_gmt":"2022-02-06T11:19:37","guid":{"rendered":"http:\/\/ines-falak.from.hr\/?page_id=994"},"modified":"2022-02-17T20:12:12","modified_gmt":"2022-02-17T20:12:12","slug":"vjezbenice-mat","status":"publish","type":"page","link":"http:\/\/ines-falak.from.hr\/?page_id=994","title":{"rendered":"Vje\u017ebenice &#8211; MAT"},"content":{"rendered":"<p>Sadr\u017eaj ovih radnih materijala odgovara planu i programu razdoblja u kojem su nastali. U to je vrijeme nastavni program unutar pojedinog razreda bio op\u0161irniji nego danas. Stoga prelistajte i prona\u0111ite zadatke primjerene va\u0161im potrebama.<\/p>\n<p><a href=\"http:\/\/ines-falak.from.hr\/?page_id=1097\" rel=\"noopener\"><img loading=\"lazy\" class=\"alignnone wp-image-1086 size-full\" title=\"Matemati\u010dka vje\u017ebenica za 1. razred\" src=\"http:\/\/ines-falak.from.hr\/files\/2022\/02\/M-VJ-1r.jpg\" alt=\"\" width=\"541\" height=\"179\" srcset=\"http:\/\/ines-falak.from.hr\/files\/2022\/02\/M-VJ-1r.jpg 541w, http:\/\/ines-falak.from.hr\/files\/2022\/02\/M-VJ-1r-500x165.jpg 500w\" sizes=\"(max-width: 541px) 100vw, 541px\" \/><\/a><\/p>\n<p><a href=\"http:\/\/ines-falak.from.hr\/?page_id=1062\" rel=\"noopener\"><img loading=\"lazy\" class=\"aligncenter wp-image-1067 size-full\" title=\"Radni listovi iz matematike za prvi razred\" src=\"http:\/\/ines-falak.from.hr\/files\/2022\/02\/List-mat-1.jpg\" alt=\"\" width=\"500\" height=\"206\"><\/a><\/p>\n<p><a href=\"http:\/\/ines-falak.from.hr\/?page_id=1056\" rel=\"noopener\"><img loading=\"lazy\" class=\"aligncenter wp-image-1065 size-full\" title=\"Matemati\u010dka vje\u017ebenica 1 za prvi razred\" src=\"http:\/\/ines-falak.from.hr\/files\/2022\/02\/Vjez-mat-1.jpg\" alt=\"\" width=\"500\" height=\"129\"><\/a><\/p>\n<p><a href=\"http:\/\/ines-falak.from.hr\/?page_id=1059\" rel=\"noopener\"><img loading=\"lazy\" class=\"aligncenter wp-image-1066 size-full\" title=\"Matemati\u010dka vje\u017ebenica 2 za prvi razred\" src=\"http:\/\/ines-falak.from.hr\/files\/2022\/02\/Vjez-mat-2.jpg\" alt=\"\" width=\"500\" height=\"113\"><\/a><a href=\"http:\/\/ines-falak.from.hr\/?page_id=1091\"><img loading=\"lazy\" class=\"alignnone wp-image-1088 size-full\" title=\"Matemati\u010dka vje\u017ebenica 3\" src=\"http:\/\/ines-falak.from.hr\/files\/2022\/02\/M-3-sve.jpg\" alt=\"\" width=\"783\" height=\"177\" srcset=\"http:\/\/ines-falak.from.hr\/files\/2022\/02\/M-3-sve.jpg 783w, http:\/\/ines-falak.from.hr\/files\/2022\/02\/M-3-sve-500x113.jpg 500w, http:\/\/ines-falak.from.hr\/files\/2022\/02\/M-3-sve-768x174.jpg 768w\" sizes=\"(max-width: 783px) 100vw, 783px\" \/><\/a><\/p>\n<p><a href=\"http:\/\/ines-falak.from.hr\/?page_id=1094\"><img loading=\"lazy\" class=\"alignnone wp-image-1087 size-full\" src=\"http:\/\/ines-falak.from.hr\/files\/2022\/02\/M-VJ4-sve.jpg\" alt=\"\" width=\"735\" height=\"183\" srcset=\"http:\/\/ines-falak.from.hr\/files\/2022\/02\/M-VJ4-sve.jpg 735w, http:\/\/ines-falak.from.hr\/files\/2022\/02\/M-VJ4-sve-500x124.jpg 500w\" sizes=\"(max-width: 735px) 100vw, 735px\" \/><\/a><\/p>\n<p>&nbsp;<\/p>\n<p>&nbsp;<\/p>\n<p>&nbsp;<\/p>\n","protected":false},"excerpt":{"rendered":"<p>Sadr\u017eaj ovih radnih materijala odgovara planu i programu razdoblja u kojem su nastali. U to je vrijeme nastavni program unutar pojedinog razreda bio op\u0161irniji nego danas. Stoga prelistajte i prona\u0111ite zadatke primjerene va\u0161im potrebama. &nbsp; &nbsp; &nbsp;<\/p>\n","protected":false},"author":1352,"featured_media":0,"parent":0,"menu_order":0,"comment_status":"closed","ping_status":"closed","template":"","meta":{"ngg_post_thumbnail":0},"yoast_head":"<!-- This site is optimized with the Yoast SEO plugin v17.5 - https:\/\/yoast.com\/wordpress\/plugins\/seo\/ -->\n<meta name=\"robots\" content=\"index, follow, max-snippet:-1, max-image-preview:large, max-video-preview:-1\" \/>\n<link rel=\"canonical\" href=\"http:\/\/ines-falak.from.hr\/?page_id=994\" \/>\n<meta property=\"og:locale\" content=\"hr_HR\" \/>\n<meta property=\"og:type\" content=\"article\" \/>\n<meta property=\"og:title\" content=\"Vje\u017ebenice - MAT - Potra\u017ei, \u010ditaj, ma\u0161taj, istra\u017ei, izra\u010dunaj\" \/>\n<meta property=\"og:description\" content=\"Sadr\u017eaj ovih radnih materijala odgovara planu i programu razdoblja u kojem su nastali. U to je vrijeme nastavni program unutar pojedinog razreda bio op\u0161irniji nego danas. Stoga prelistajte i prona\u0111ite zadatke primjerene va\u0161im potrebama. &nbsp; &nbsp; &nbsp;\" \/>\n<meta property=\"og:url\" content=\"http:\/\/ines-falak.from.hr\/?page_id=994\" \/>\n<meta property=\"og:site_name\" content=\"Potra\u017ei, \u010ditaj, ma\u0161taj, istra\u017ei, izra\u010dunaj\" \/>\n<meta property=\"article:modified_time\" content=\"2022-02-17T20:12:12+00:00\" \/>\n<meta property=\"og:image\" content=\"http:\/\/from.hr\/ines-falak\/files\/2022\/02\/M-VJ-1r.jpg\" \/>\n<meta name=\"twitter:card\" content=\"summary\" \/>\n<meta name=\"twitter:label1\" content=\"Procijenjeno vrijeme \u010ditanja\" \/>\n\t<meta name=\"twitter:data1\" content=\"2 minute\" \/>\n<script type=\"application\/ld+json\" class=\"yoast-schema-graph\">{\"@context\":\"https:\/\/schema.org\",\"@graph\":[{\"@type\":\"WebSite\",\"@id\":\"http:\/\/ines-falak.from.hr\/#website\",\"url\":\"http:\/\/ines-falak.from.hr\/\",\"name\":\"Potra\\u017ei, \\u010ditaj, ma\\u0161taj, istra\\u017ei, izra\\u010dunaj\",\"description\":\"- preporuke Ines Falak\",\"potentialAction\":[{\"@type\":\"SearchAction\",\"target\":{\"@type\":\"EntryPoint\",\"urlTemplate\":\"http:\/\/ines-falak.from.hr\/?s={search_term_string}\"},\"query-input\":\"required name=search_term_string\"}],\"inLanguage\":\"hr\"},{\"@type\":\"ImageObject\",\"@id\":\"http:\/\/ines-falak.from.hr\/?page_id=994#primaryimage\",\"inLanguage\":\"hr\",\"url\":\"http:\/\/from.hr\/ines-falak\/files\/2022\/02\/M-VJ-1r.jpg\",\"contentUrl\":\"http:\/\/from.hr\/ines-falak\/files\/2022\/02\/M-VJ-1r.jpg\"},{\"@type\":\"WebPage\",\"@id\":\"http:\/\/ines-falak.from.hr\/?page_id=994#webpage\",\"url\":\"http:\/\/ines-falak.from.hr\/?page_id=994\",\"name\":\"Vje\\u017ebenice - MAT - Potra\\u017ei, \\u010ditaj, ma\\u0161taj, istra\\u017ei, izra\\u010dunaj\",\"isPartOf\":{\"@id\":\"http:\/\/ines-falak.from.hr\/#website\"},\"primaryImageOfPage\":{\"@id\":\"http:\/\/ines-falak.from.hr\/?page_id=994#primaryimage\"},\"datePublished\":\"2022-02-06T11:19:37+00:00\",\"dateModified\":\"2022-02-17T20:12:12+00:00\",\"breadcrumb\":{\"@id\":\"http:\/\/ines-falak.from.hr\/?page_id=994#breadcrumb\"},\"inLanguage\":\"hr\",\"potentialAction\":[{\"@type\":\"ReadAction\",\"target\":[\"http:\/\/ines-falak.from.hr\/?page_id=994\"]}]},{\"@type\":\"BreadcrumbList\",\"@id\":\"http:\/\/ines-falak.from.hr\/?page_id=994#breadcrumb\",\"itemListElement\":[{\"@type\":\"ListItem\",\"position\":1,\"name\":\"Home\",\"item\":\"http:\/\/ines-falak.from.hr\/\"},{\"@type\":\"ListItem\",\"position\":2,\"name\":\"Vje\\u017ebenice &#8211; MAT\"}]}]}<\/script>\n<!-- \/ Yoast SEO plugin. -->","yoast_head_json":{"robots":{"index":"index","follow":"follow","max-snippet":"max-snippet:-1","max-image-preview":"max-image-preview:large","max-video-preview":"max-video-preview:-1"},"canonical":"http:\/\/ines-falak.from.hr\/?page_id=994","og_locale":"hr_HR","og_type":"article","og_title":"Vje\u017ebenice - MAT - Potra\u017ei, \u010ditaj, ma\u0161taj, istra\u017ei, izra\u010dunaj","og_description":"Sadr\u017eaj ovih radnih materijala odgovara planu i programu razdoblja u kojem su nastali. U to je vrijeme nastavni program unutar pojedinog razreda bio op\u0161irniji nego danas. Stoga prelistajte i prona\u0111ite zadatke primjerene va\u0161im potrebama. &nbsp; &nbsp; &nbsp;","og_url":"http:\/\/ines-falak.from.hr\/?page_id=994","og_site_name":"Potra\u017ei, \u010ditaj, ma\u0161taj, istra\u017ei, izra\u010dunaj","article_modified_time":"2022-02-17T20:12:12+00:00","og_image":[{"url":"http:\/\/from.hr\/ines-falak\/files\/2022\/02\/M-VJ-1r.jpg"}],"twitter_card":"summary","twitter_misc":{"Procijenjeno vrijeme \u010ditanja":"2 minute"},"schema":{"@context":"https:\/\/schema.org","@graph":[{"@type":"WebSite","@id":"http:\/\/ines-falak.from.hr\/#website","url":"http:\/\/ines-falak.from.hr\/","name":"Potra\u017ei, \u010ditaj, ma\u0161taj, istra\u017ei, izra\u010dunaj","description":"- preporuke Ines Falak","potentialAction":[{"@type":"SearchAction","target":{"@type":"EntryPoint","urlTemplate":"http:\/\/ines-falak.from.hr\/?s={search_term_string}"},"query-input":"required name=search_term_string"}],"inLanguage":"hr"},{"@type":"ImageObject","@id":"http:\/\/ines-falak.from.hr\/?page_id=994#primaryimage","inLanguage":"hr","url":"http:\/\/from.hr\/ines-falak\/files\/2022\/02\/M-VJ-1r.jpg","contentUrl":"http:\/\/from.hr\/ines-falak\/files\/2022\/02\/M-VJ-1r.jpg"},{"@type":"WebPage","@id":"http:\/\/ines-falak.from.hr\/?page_id=994#webpage","url":"http:\/\/ines-falak.from.hr\/?page_id=994","name":"Vje\u017ebenice - MAT - Potra\u017ei, \u010ditaj, ma\u0161taj, istra\u017ei, izra\u010dunaj","isPartOf":{"@id":"http:\/\/ines-falak.from.hr\/#website"},"primaryImageOfPage":{"@id":"http:\/\/ines-falak.from.hr\/?page_id=994#primaryimage"},"datePublished":"2022-02-06T11:19:37+00:00","dateModified":"2022-02-17T20:12:12+00:00","breadcrumb":{"@id":"http:\/\/ines-falak.from.hr\/?page_id=994#breadcrumb"},"inLanguage":"hr","potentialAction":[{"@type":"ReadAction","target":["http:\/\/ines-falak.from.hr\/?page_id=994"]}]},{"@type":"BreadcrumbList","@id":"http:\/\/ines-falak.from.hr\/?page_id=994#breadcrumb","itemListElement":[{"@type":"ListItem","position":1,"name":"Home","item":"http:\/\/ines-falak.from.hr\/"},{"@type":"ListItem","position":2,"name":"Vje\u017ebenice &#8211; MAT"}]}]}},"_links":{"self":[{"href":"http:\/\/ines-falak.from.hr\/index.php?rest_route=\/wp\/v2\/pages\/994"}],"collection":[{"href":"http:\/\/ines-falak.from.hr\/index.php?rest_route=\/wp\/v2\/pages"}],"about":[{"href":"http:\/\/ines-falak.from.hr\/index.php?rest_route=\/wp\/v2\/types\/page"}],"author":[{"embeddable":true,"href":"http:\/\/ines-falak.from.hr\/index.php?rest_route=\/wp\/v2\/users\/1352"}],"replies":[{"embeddable":true,"href":"http:\/\/ines-falak.from.hr\/index.php?rest_route=%2Fwp%2Fv2%2Fcomments&post=994"}],"version-history":[{"count":11,"href":"http:\/\/ines-falak.from.hr\/index.php?rest_route=\/wp\/v2\/pages\/994\/revisions"}],"predecessor-version":[{"id":1106,"href":"http:\/\/ines-falak.from.hr\/index.php?rest_route=\/wp\/v2\/pages\/994\/revisions\/1106"}],"wp:attachment":[{"href":"http:\/\/ines-falak.from.hr\/index.php?rest_route=%2Fwp%2Fv2%2Fmedia&parent=994"}],"curies":[{"name":"wp","href":"https:\/\/api.w.org\/{rel}","templated":true}]}}